{"id":1095,"date":"2017-12-21T21:30:07","date_gmt":"2017-12-21T20:30:07","guid":{"rendered":"https:\/\/balance-management.info\/burnout-praevention\/?page_id=1095"},"modified":"2018-01-18T13:30:09","modified_gmt":"2018-01-18T12:30:09","slug":"blog","status":"publish","type":"page","link":"https:\/\/balance-management.info\/burnout-praevention\/blog\/","title":{"rendered":"Blog"},"content":{"rendered":"<p>[et_pb_section fb_built=&#8220;1&#8243; _builder_version=&#8220;3.0.47&#8243;][et_pb_row _builder_version=&#8220;3.0.47&#8243; background_size=&#8220;initial&#8220; background_position=&#8220;top_left&#8220; background_repeat=&#8220;repeat&#8220;][et_pb_column type=&#8220;4_4&#8243; _builder_version=&#8220;3.0.47&#8243; parallax=&#8220;off&#8220; parallax_method=&#8220;on&#8220;][et_pb_blog fullwidth=&#8220;off&#8220; posts_number=&#8220;10&#8243; meta_date=&#8220;j M Y&#8220; show_more=&#8220;on&#8220; show_categories=&#8220;off&#8220; show_comments=&#8220;on&#8220; offset_number=&#8220;0&#8243; _builder_version=&#8220;3.0.95&#8243; header_line_height=&#8220;1.2em&#8220; body_text_align=&#8220;justify&#8220; pagination_font_size_tablet=&#8220;51&#8243; pagination_line_height_tablet=&#8220;2&#8243; text_orientation=&#8220;center&#8220; use_overlay=&#8220;on&#8220; header_font=&#8220;||||||||&#8220; header_level=&#8220;h3&#8243; body_font=&#8220;||||||||&#8220; overlay_icon_color=&#8220;rgba(12,113,195,0.61)&#8220; hover_overlay_color=&#8220;rgba(255,255,255,0.78)&#8220; hover_icon=&#8220;%%273%%&#8220;]\u00a0<br \/>\n[\/et_pb_blog][\/et_pb_column][\/et_pb_row][\/et_pb_section]<\/p>\n","protected":false},"excerpt":{"rendered":"<p>\u00a0<\/p>\n","protected":false},"author":2,"featured_media":0,"parent":0,"menu_order":0,"comment_status":"closed","ping_status":"closed","template":"","meta":{"_et_pb_use_builder":"on","_et_pb_old_content":"","_et_gb_content_width":"","_monsterinsights_skip_tracking":false,"_monsterinsights_sitenote_active":false,"_monsterinsights_sitenote_note":"","_monsterinsights_sitenote_category":0},"yoast_head":"<!-- This site is optimized with the Yoast SEO plugin v18.9 - https:\/\/yoast.com\/wordpress\/plugins\/seo\/ -->\n<title>Balance Management - Burnout Pr\u00e4vention &amp; Stressmanagement - Blog<\/title>\n<meta name=\"description\" content=\"Erfahren Sie in meinem Blog alles \u00fcber Burnout, Stressmanagement, Burnout Pr\u00e4vention, Stresspr\u00e4vention, Achtsamkeit und vieles mehr...\" \/>\n<meta name=\"robots\" content=\"index, follow, max-snippet:-1, max-image-preview:large, max-video-preview:-1\" \/>\n<link rel=\"canonical\" href=\"https:\/\/balance-management.info\/burnout-praevention\/blog\/\" \/>\n<meta property=\"og:locale\" content=\"de_DE\" \/>\n<meta property=\"og:type\" content=\"article\" \/>\n<meta property=\"og:title\" content=\"Balance Management - Burnout Pr\u00e4vention &amp; Stressmanagement - Blog\" \/>\n<meta property=\"og:description\" content=\"Erfahren Sie in meinem Blog alles \u00fcber Burnout, Stressmanagement, Burnout Pr\u00e4vention, Stresspr\u00e4vention, Achtsamkeit und vieles mehr...\" \/>\n<meta property=\"og:url\" content=\"https:\/\/balance-management.info\/burnout-praevention\/blog\/\" \/>\n<meta property=\"og:site_name\" content=\"Burnout Pr\u00e4vention\" \/>\n<meta property=\"article:modified_time\" content=\"2018-01-18T12:30:09+00:00\" \/>\n<meta name=\"twitter:card\" content=\"summary\" \/>\n<meta name=\"twitter:label1\" content=\"Gesch\u00e4tzte Lesezeit\" \/>\n\t<meta name=\"twitter:data1\" content=\"1\u00a0Minute\" \/>\n<script type=\"application\/ld+json\" class=\"yoast-schema-graph\">{\"@context\":\"https:\/\/schema.org\",\"@graph\":[{\"@type\":[\"Person\",\"Organization\"],\"@id\":\"https:\/\/balance-management.info\/burnout-praevention\/#\/schema\/person\/67c4345402305f5d60c2ec365b6d3330\",\"name\":\"hfischedick\",\"image\":{\"@type\":\"ImageObject\",\"inLanguage\":\"de\",\"@id\":\"https:\/\/balance-management.info\/burnout-praevention\/#\/schema\/person\/image\/\",\"url\":\"https:\/\/secure.gravatar.com\/avatar\/d6f7c277f483ab8c6ed4bfcb624dada6?s=96&d=mm&r=g\",\"contentUrl\":\"https:\/\/secure.gravatar.com\/avatar\/d6f7c277f483ab8c6ed4bfcb624dada6?s=96&d=mm&r=g\",\"caption\":\"hfischedick\"},\"logo\":{\"@id\":\"https:\/\/balance-management.info\/burnout-praevention\/#\/schema\/person\/image\/\"}},{\"@type\":\"WebSite\",\"@id\":\"https:\/\/balance-management.info\/burnout-praevention\/#website\",\"url\":\"https:\/\/balance-management.info\/burnout-praevention\/\",\"name\":\"Burnout Pr\u00e4vention\",\"description\":\"Stress- und Burnoutpr\u00e4ventionsseminar &quot;Neue Kraft f\u00fcr High-Performer&quot;\",\"publisher\":{\"@id\":\"https:\/\/balance-management.info\/burnout-praevention\/#\/schema\/person\/67c4345402305f5d60c2ec365b6d3330\"},\"potentialAction\":[{\"@type\":\"SearchAction\",\"target\":{\"@type\":\"EntryPoint\",\"urlTemplate\":\"https:\/\/balance-management.info\/burnout-praevention\/?s={search_term_string}\"},\"query-input\":\"required name=search_term_string\"}],\"inLanguage\":\"de\"},{\"@type\":\"WebPage\",\"@id\":\"https:\/\/balance-management.info\/burnout-praevention\/blog\/#webpage\",\"url\":\"https:\/\/balance-management.info\/burnout-praevention\/blog\/\",\"name\":\"Balance Management - Burnout Pr\u00e4vention & Stressmanagement - Blog\",\"isPartOf\":{\"@id\":\"https:\/\/balance-management.info\/burnout-praevention\/#website\"},\"datePublished\":\"2017-12-21T20:30:07+00:00\",\"dateModified\":\"2018-01-18T12:30:09+00:00\",\"description\":\"Erfahren Sie in meinem Blog alles \u00fcber Burnout, Stressmanagement, Burnout Pr\u00e4vention, Stresspr\u00e4vention, Achtsamkeit und vieles mehr...\",\"breadcrumb\":{\"@id\":\"https:\/\/balance-management.info\/burnout-praevention\/blog\/#breadcrumb\"},\"inLanguage\":\"de\",\"potentialAction\":[{\"@type\":\"ReadAction\",\"target\":[\"https:\/\/balance-management.info\/burnout-praevention\/blog\/\"]}]},{\"@type\":\"BreadcrumbList\",\"@id\":\"https:\/\/balance-management.info\/burnout-praevention\/blog\/#breadcrumb\",\"itemListElement\":[{\"@type\":\"ListItem\",\"position\":1,\"name\":\"Home\",\"item\":\"https:\/\/balance-management.info\/burnout-praevention\/\"},{\"@type\":\"ListItem\",\"position\":2,\"name\":\"Blog\"}]}]}<\/script>\n<!-- \/ Yoast SEO plugin. -->","yoast_head_json":{"title":"Balance Management - Burnout Pr\u00e4vention & Stressmanagement - Blog","description":"Erfahren Sie in meinem Blog alles \u00fcber Burnout, Stressmanagement, Burnout Pr\u00e4vention, Stresspr\u00e4vention, Achtsamkeit und vieles mehr...","robots":{"index":"index","follow":"follow","max-snippet":"max-snippet:-1","max-image-preview":"max-image-preview:large","max-video-preview":"max-video-preview:-1"},"canonical":"https:\/\/balance-management.info\/burnout-praevention\/blog\/","og_locale":"de_DE","og_type":"article","og_title":"Balance Management - Burnout Pr\u00e4vention & Stressmanagement - Blog","og_description":"Erfahren Sie in meinem Blog alles \u00fcber Burnout, Stressmanagement, Burnout Pr\u00e4vention, Stresspr\u00e4vention, Achtsamkeit und vieles mehr...","og_url":"https:\/\/balance-management.info\/burnout-praevention\/blog\/","og_site_name":"Burnout Pr\u00e4vention","article_modified_time":"2018-01-18T12:30:09+00:00","twitter_card":"summary","twitter_misc":{"Gesch\u00e4tzte Lesezeit":"1\u00a0Minute"},"schema":{"@context":"https:\/\/schema.org","@graph":[{"@type":["Person","Organization"],"@id":"https:\/\/balance-management.info\/burnout-praevention\/#\/schema\/person\/67c4345402305f5d60c2ec365b6d3330","name":"hfischedick","image":{"@type":"ImageObject","inLanguage":"de","@id":"https:\/\/balance-management.info\/burnout-praevention\/#\/schema\/person\/image\/","url":"https:\/\/secure.gravatar.com\/avatar\/d6f7c277f483ab8c6ed4bfcb624dada6?s=96&d=mm&r=g","contentUrl":"https:\/\/secure.gravatar.com\/avatar\/d6f7c277f483ab8c6ed4bfcb624dada6?s=96&d=mm&r=g","caption":"hfischedick"},"logo":{"@id":"https:\/\/balance-management.info\/burnout-praevention\/#\/schema\/person\/image\/"}},{"@type":"WebSite","@id":"https:\/\/balance-management.info\/burnout-praevention\/#website","url":"https:\/\/balance-management.info\/burnout-praevention\/","name":"Burnout Pr\u00e4vention","description":"Stress- und Burnoutpr\u00e4ventionsseminar &quot;Neue Kraft f\u00fcr High-Performer&quot;","publisher":{"@id":"https:\/\/balance-management.info\/burnout-praevention\/#\/schema\/person\/67c4345402305f5d60c2ec365b6d3330"},"potentialAction":[{"@type":"SearchAction","target":{"@type":"EntryPoint","urlTemplate":"https:\/\/balance-management.info\/burnout-praevention\/?s={search_term_string}"},"query-input":"required name=search_term_string"}],"inLanguage":"de"},{"@type":"WebPage","@id":"https:\/\/balance-management.info\/burnout-praevention\/blog\/#webpage","url":"https:\/\/balance-management.info\/burnout-praevention\/blog\/","name":"Balance Management - Burnout Pr\u00e4vention & Stressmanagement - Blog","isPartOf":{"@id":"https:\/\/balance-management.info\/burnout-praevention\/#website"},"datePublished":"2017-12-21T20:30:07+00:00","dateModified":"2018-01-18T12:30:09+00:00","description":"Erfahren Sie in meinem Blog alles \u00fcber Burnout, Stressmanagement, Burnout Pr\u00e4vention, Stresspr\u00e4vention, Achtsamkeit und vieles mehr...","breadcrumb":{"@id":"https:\/\/balance-management.info\/burnout-praevention\/blog\/#breadcrumb"},"inLanguage":"de","potentialAction":[{"@type":"ReadAction","target":["https:\/\/balance-management.info\/burnout-praevention\/blog\/"]}]},{"@type":"BreadcrumbList","@id":"https:\/\/balance-management.info\/burnout-praevention\/blog\/#breadcrumb","itemListElement":[{"@type":"ListItem","position":1,"name":"Home","item":"https:\/\/balance-management.info\/burnout-praevention\/"},{"@type":"ListItem","position":2,"name":"Blog"}]}]}},"_links":{"self":[{"href":"https:\/\/balance-management.info\/burnout-praevention\/wp-json\/wp\/v2\/pages\/1095"}],"collection":[{"href":"https:\/\/balance-management.info\/burnout-praevention\/wp-json\/wp\/v2\/pages"}],"about":[{"href":"https:\/\/balance-management.info\/burnout-praevention\/wp-json\/wp\/v2\/types\/page"}],"author":[{"embeddable":true,"href":"https:\/\/balance-management.info\/burnout-praevention\/wp-json\/wp\/v2\/users\/2"}],"replies":[{"embeddable":true,"href":"https:\/\/balance-management.info\/burnout-praevention\/wp-json\/wp\/v2\/comments?post=1095"}],"version-history":[{"count":10,"href":"https:\/\/balance-management.info\/burnout-praevention\/wp-json\/wp\/v2\/pages\/1095\/revisions"}],"predecessor-version":[{"id":1292,"href":"https:\/\/balance-management.info\/burnout-praevention\/wp-json\/wp\/v2\/pages\/1095\/revisions\/1292"}],"wp:attachment":[{"href":"https:\/\/balance-management.info\/burnout-praevention\/wp-json\/wp\/v2\/media?parent=1095"}],"curies":[{"name":"wp","href":"https:\/\/api.w.org\/{rel}","templated":true}]}}